oes 118 divide 2015440?
True
Does 274 divide 8616478?
True
Does 2 divide 1256278?
True
Is 42 a factor of 754800?
False
Is 440568 a multiple of 8?
True
Is 10 a factor of 26577?
False
Does 59 divide 234513?
False
Is 7 a factor of 65519?
False
Is 21 a factor of 65455?
False
Is 465 a factor of 11012595?
True
Does 105 divide 11210172?
False
Is 98 a factor of 246960?
True
Is 7485960 a multiple of 12?
True
Is 192 a factor of 656758?
False
Does 26 divide 150280?
True
Does 100 divide 10467463?
False
Is 751117 a multiple of 54?
False
Is 72 a factor of 8712?
True
Is 158 a factor of 2943698?
True
Is 56 a factor of 114889?
False
Is 109310 a multiple of 67?
False
Is 86 a factor of 243638?
True
Does 4 divide 38603?
False
Is 14 a factor of 57452?
False
Does 7 divide 115623?
False
Does 98 divide 76124?
False
Is 14 a factor of 217509?
False
Is 20 a factor of 7181617?
False
Does 13 divide 50986?
True
Does 72 divide 92563?
False
Does 19 divide 285228?
True
Is 43 a factor of 273136?
True
Is 299 a factor of 11433?
False
Is 2701952 a multiple of 44?
True
Is 5 a factor of 35567?
False
Is 6811200 a multiple of 22?
True
Is 79 a factor of 1510085?
True
Does 5 divide 38081?
False
Is 10759092 a multiple of 19?
True
Is 22 a factor of 167640?
True
Is 297050 a multiple of 65?
True
Does 5 divide 2127105?
True
Is 45 a factor of 481613?
False
Is 65352 a multiple of 28?
True
Does 10 divide 585020?
True
Is 27 a factor of 54270?
True
Is 6472125 a multiple of 9?
True
Does 493 divide 26208373?
True
Does 10 divide 2198991?
False
Is 248400 a multiple of 240?
True
Is 12 a factor of 3720?
True
Is 1725478 a multiple of 10?
False
Is 1252247 a multiple of 285?
False
Is 30 a factor of 44316?
False
Does 389 divide 225664?
False
Does 47 divide 928673?
True
Is 127663 a multiple of 6?
False
Is 230118 a multiple of 21?
True
Is 295 a factor of 3103695?
True
Is 5 a factor of 874450?
True
Is 1004139 a multiple of 17?
True
Does 8 divide 235080?
True
Is 17 a factor of 1047746?
False
Does 13 divide 4606641?
True
Does 42 divide 1573908?
True
Is 45562 a multiple of 3?
False
Is 7 a factor of 231140?
True
Is 3996995 a multiple of 325?
False
Does 12 divide 67584?
True
Does 38 divide 5765048?
False
Does 222 divide 132409?
False
Is 1159701 a multiple of 677?
True
Is 140430 a multiple of 10?
True
Is 2181321 a multiple of 269?
True
Is 19176 a multiple of 12?
True
Is 43 a factor of 105737?
True
Is 72 a factor of 32528664?
True
Does 44 divide 217890?
False
Is 438966 a multiple of 9?
True
Is 579 a factor of 1458646?
False
Does 230 divide 9931630?
True
Does 14 divide 2149658?
True
Is 263784 a multiple of 116?
True
Does 25 divide 104750?
True
Is 9812120 a multiple of 7?
False
Does 89 divide 863478?
True
Is 392677 a multiple of 55?
False
Is 175989 a multiple of 33?
True
Does 10 divide 97590?
True
Is 2 a factor of 1727225?
False
Does 29 divide 429700?
False
Is 20 a factor of 365180?
True
Does 325 divide 2533169?
False
Does 81 divide 1299474?
False
Is 682494 a multiple of 214?
False
Is 470 a factor of 692310?
True
Is 810780 a multiple of 60?
True
Is 142 a factor of 216692?
True
Is 884 a factor of 1868776?
True
Is 447408 a multiple of 117?
True
Is 10 a factor of 224690?
True
Does 11 divide 3139158?
True
Is 35 a factor of 386225?
True
Does 46 divide 193200?
True
Does 36 divide 605052?
True
Is 234 a factor of 128539?
False
Is 10 a factor of 4450?
True
Is 13919821 a multiple of 13?
False
Is 9 a factor of 2709441?
True
Is 228740 a multiple of 3?
False
Is 16549041 a multiple of 14?
False
Does 10 divide 104260?
True
Is 937 a factor of 24299881?
False
Does 138 divide 449328?
True
Is 371318 a multiple of 31?
True
Is 1222716 a multiple of 13?
False
Does 123 divide 55227?
True
Does 26 divide 2909?
False
Is 26 a factor of 10910302?
True
Is 45 a factor of 11630070?
True
Is 508 a factor of 6512052?
True
Is 26 a factor of 2174578?
False
Does 96 divide 4960320?
True
Does 549 divide 9674572?
False
Does 66 divide 444246?
True
Is 2 a factor of 382893?
False
Is 25375 a multiple of 7?
True
Is 29018766 a multiple of 43?
False
Is 110 a factor of 1746509?
False
Is 34410 a multiple of 222?
True
Does 7 divide 148667?
False
Does 44 divide 525255?
False
Is 160050 a multiple of 6?
True
Is 54 a factor of 1672020?
False
Is 23375004 a multiple of 12?
True
Is 29 a factor of 9737?
False
Does 39 divide 312078?
True
Does 80 divide 312080?
True
Does 45 divide 662092?
False
Is 9 a factor of 17352?
True
Does 40 divide 64170?
False
Is 13 a factor of 1030009?
False
Is 5 a factor of 1471871?
False
Is 44 a factor of 11555632?
True
Does 114 divide 60747?
False
Is 77033 a multiple of 121?
False
Does 6 divide 209978?
False
Is 148 a factor of 84508?
True
Is 1426897 a multiple of 162?
False
Is 24679 a multiple of 23?
True
Is 275 a factor of 9839225?
True
Does 1083 divide 3578972?
False
Is 3230255 a multiple of 305?
True
Is 424 a factor of 119144?
True
Is 2071880 a multiple of 14?
False
Is 11 a factor of 148005?
True
Is 38 a factor of 38570?
True
Is 777051 a multiple of 33?
True
Is 287 a factor of 3216122?
True
Is 410 a factor of 6080300?
True
Does 46 divide 187496?
True
Is 1024 a factor of 8363480?
False
Does 91 divide 122844?
False
Is 458 a factor of 6591351?
False
Is 241 a factor of 1093795?
False
Does 59 divide 361814?
False
Does 351 divide 580745?
False
Does 573 divide 36811239?
True
Does 9 divide 291879?
True
Is 12968904 a multiple of 591?
True
Does 13 divide 11541487?
False
Is 10348532 a multiple of 26?
False
Is 241654 a multiple of 7?
True
Is 507257 a multiple of 23?
False
Is 3097017 a multiple of 33?
True
Is 577259 a multiple of 33?
False
Is 37 a factor of 41403?
True
Is 12065092 a multiple of 76?
False
Does 86 divide 7824452?
True
Does 348 divide 142680?
True
Is 9 a factor of 28224?
True
Is 503573 a multiple of 7?
True
Is 567273 a multiple of 49?
True
Does 35 divide 763240?
False
Does 19 divide 203887?
False
Is 155 a factor of 1718640?
True
Is 25 a factor of 120945?
False
Is 30 a factor of 55980?
True
Does 35 divide 78522?
False
Does 12 divide 10654929?
False
Is 48 a factor of 8470896?
True
Is 487368 a multiple of 72?
True
Is 4 a factor of 5962?
False
Does 5 divide 14722?
False
Is 711020 a multiple of 365?
True
Does 8 divide 27408?
True
Does 179 divide 5907688?
False
Does 169 divide 8914928?
False
Is 6612309 a multiple of 203?
False
Does 950 divide 2203677?
False
Does 512 divide 408118?
False
Does 112 divide 69139?
False
Does 93 divide 288395?
False
Is 51 a factor of 361743?
True
Does 3 divide 508473?
True
Is 48 a factor of 679411?
False
Does 299 divide 1612806?
True
Is 7998 a multiple of 86?
True
Is 4605543 a multiple of 1582?
False
Is 45771 a multiple of 57?
True
Is 5676160 a multiple of 896?
True
Is 386 a factor of 369765?
False
Does 608 divide 594075?
False
Is 406584 a multiple of 149?
False
Is 323 a factor of 5258?
False
Is 660 a factor of 2229480?
True
Is 12 a factor of 5564388?
True
Is 8 a factor of 4461229?
False
Does 18 divide 4066914?
False
Is 1241 a factor of 2998964?
False
Is 2361067 a multiple of 41?
True
Is 6362612 a multiple of 683?
False
Is 162537 a multiple of 51?
True
Is 3 a factor of 1404715?
False
Does 316 divide 14313356?
False
Is 79 a factor of 993820?
True
Does 14 divide 202560?
False
Is 354 a factor of 137521?
False
Is 111 a factor of 342443?
False
Does 146 divide 2482?
True
Does 11 divide 2412788?
False
Is 18 a factor of 1556694?
True
Does 15 divide 1861368?
False
Does 277 divide 4270104?
False
Is 115104 a multiple of 6?
True
Is 24 a factor of 250728?
True
Does 1066 divide 1644259?
False
Does 562 divide 1022717?
False
Does 19 divide 699466?
True
Does 177 divide 66845?
False
Is 974 a factor of 587322?
True
Is 251807 a multiple of 457?
True
Is 497 a factor of 77810?
False
Is 17 a factor of 618763?
False
Does 144 divide 443808?
True
Is 10 a factor of 102501?
False
Does 37 divide 14941483?
False
Is 8271928 a multiple of 68?
True
Does 9 divide 4230?
True
Is 350558 a multiple of 13?
True
Is 2412 a multiple of 26?
False
Is 13910 a multiple of 10?
True
Is 18 a factor of 253565?
False
Does 2 divide 970490?
True
Is 59599 a multiple of 357?
False
Is 5 a factor of 466782?
False
Is 35302 a multiple of 765?
False
Is 5115428 a multiple of 41?
False
Is 60 a factor of 200201?
False
Is 5170901 a multiple of 7?
False
Is 257 a factor of 306884?
F